et g be (-18)/(-15)*(-20)/(-6). Let k be (-1)/((g/(-20))/1). Calculate b(k).
13
Let c(o) = -o**3 + 6*o**2 + 2*o. Let v = -57 - -63. What is c(v)?
12
Suppose -2*d - 5*n - 1 = -3, 5*n - 18 = 2*d. Let l = -4 - -6. Let t(k) = -l + 3 + 3 + 2*k. Determine t(d).
-4
Let r(h) = -h - 1. Let x be r(-7). Suppose -15 = -11*g + x*g. Let j(v) = -v - 1. Let z(a) = -a**3 + 4*a**2 - 4*a - 3. Let s(w) = -3*j(w) + z(w). What is s(g)?
6
Let m(b) = -17*b + 28*b + 2 - 13*b + 0. Determine m(-3).
8
Let i(j) be the second derivative of 3*j**5/20 - j**2/2 - 6*j. Determine i(1).
2
Suppose -6 = -t + 7*y - 2*y, -4*t - 2*y + 2 = 0. Let n = 2 - t. Let l(x) = 0 + 3*x - 2*x - n. Determine l(5).
4
Let c(z) = 17*z + 0 - 10*z + 1. Determine c(1).
8
Suppose 3*k - 87 = -5*w, -w = 3*k - 14 - 1. Let s = w + -24. Let l(t) = -t**2 - 9*t - 9. Give l(s).
9
Let z(u) = -u**3 + 7*u**2 - 5*u - 1. Suppose o = -4*f + 23, -4*o = -3*f - 6 + 28. Calculate z(f).
5
Let n(c) be the first derivative of 1/2*c**2 + 7*c - 2. Determine n(-3).
4
Let s be (-2)/8 - (-17)/4. Let x(w) = 0 + 3 + s*w - 2*w. Suppose 2*z + 16 = -0*z + 3*l, -3*z - 4*l = -10. Calculate x(z).
-1
Let u(r) be the second derivative of r**5/20 - 7*r**4/12 + 7*r**3/6 - r**2/2 - 2*r. Let h be (-24)/(-10)*55/22. What is u(h)?
5
Suppose -20 = -2*y + 7*y. Let g(o) = o**3 + 3*o**2 - 6*o - 2. What is g(y)?
6
Let n(p) = -1. Let u(q) = 2*q**2 + 3*q + 7. Let m(y) = 5*n(y) + u(y). Suppose -4*t + 5 + 3 = 0. Suppose -3*l + 5*c + 28 = 9, l - t*c - 8 = 0. Determine m(l).
4
Let r(c) = -6*c**2 - 2*c + 1. Suppose 5*m + 6 = -4*k, 2*k + 0 = m + 4. Give r(k).
-7
Let o(r) = -r + 1. Let u be o(12). Let y(w) = w + 5. Let f be y(u). Let i(k) = k**3 + 5*k**2 - 7*k - 7. Give i(f).
-1
Let v(r) = 8*r + 6. Let u(n) = 7*n + 5. Let i(q) = -6*u(q) + 5*v(q). Suppose 0 + 8 = -4*m. Let p be i(m). Let h(d) = -d**3 + 4*d**2 - d - 2. Give h(p).
-6
Let w(h) = 2*h**2 - 3*h**2 + 3*h + 2*h - 1 + 0. Determine w(6).
-7
Let o(t) be the first derivative of t**2/2 - 12*t - 5. Calculate o(5).
-7
Let u(j) = -2*j + 3 + 4*j - 3*j. What is u(6)?
-3
Suppose -35 = 4*i - 11. Let u(b) be the third derivative of -1/4*b**4 + 0 - 1/60*b**5 + 0*b + 3*b**2 + 7/6*b**3. Calculate u(i).
7
Let l(z) = 3*z**2 - 5*z + 8. Let a(y) = -5*y**2 + 9*y - 15. Let x(p) = -6*a(p) - 11*l(p). Suppose -2*q - 8 = -6*q. Give x(q).
-8
Let k(y) = 76 - 76 - 3*y. Give k(-1).
3
Let t(q) = -q**2 + 4*q - 3. Suppose 0*f - f + 6 = 0. Let u be f*((-15)/(-6))/5. Suppose -8 = -v - 0*v - u*a, -10 = -3*v - 2*a. Give t(v).
1
Let v(l) = 2*l + 5. Let m be (-14)/(-91) + 100/26. Suppose -5*o = a + 46, 0 = -5*o - 3*a - 66 + 18. Let n = m + o. Give v(n).
-5
Let g(f) = -9*f - 3. Let d(q) = 13*q + 5. Let o(t) = -5*d(t) - 7*g(t). What is o(-6)?
8
Let m(v) = -2*v + 3. Let u(f) = 3*f - 3 + 4 - f. Let x be u(2). Give m(x).
-7
Let y(a) = 5*a - a**2 - 10*a - 9 - 2*a. What is y(-6)?
-3
Let n(c) be the second derivative of -c**5/20 + 5*c**4/12 - c**3/6 - c**2/2 - 10*c + 1. What is n(5)?
-6
Suppose -n = 1, -4*k + 5*n + 14 = -15. Let a(y) = y**3 - 7*y**2 + 4*y + 7. Give a(k).
-5
Let p(t) = -134 + 141 - 3*t + t. What is p(6)?
-5
Let j(l) = -14 + 4*l + 14. Give j(1).
4
Let x = 2 - 5. Let t(b) = -b**3 - 3*b**2 - 3*b - 6. Let m(p) = 2*p**3 + 6*p**2 + 6*p + 13. Let g(q) = -2*m(q) - 5*t(q). Determine g(x).
-5
Let m(d) be the third derivative of 11*d**4/24 + d**3/6 - 5*d**2. Determine m(1).
12
Let a(w) = 6*w**3 + 10*w**2 + 4. Let b(h) = -h**3 - h**2 + h - 1. Let j = 3 + -4. Let t(q) = j*a(q) - 5*b(q). Let k be (-3 - (0 - -1)) + 0. Give t(k).
5
Let d(m) = 2*m**2 - 3*m + 3. Let h = -3 + 14. Suppose 4*g = -u + 14, 2*g - g = -4*u + h. Suppose -1 - 3 = -u*l. Determine d(l).
5
Let c(w) = w**2 + 6. Suppose 5*b + 4*h + 20 = -h, b - h - 4 = 0. Calculate c(b).
6
Let b = 0 - 1. Let i = -65 + 123. Let y(j) = 34 + 23 - 7*j**2 - i. Give y(b).
-8
Let g(f) = 2*f**2 + 4*f + 2. Let q(b) = -b**2 - 5*b - 3. Let x(r) = 4*g(r) + 3*q(r). Calculate x(2).
21
Let p(r) be the second derivative of -r**4/12 + r**3/2 + 3*r**2 - 40*r. What is p(5)?
-4
Let m(s) = 2*s + 6. Let z(p) = -2*p - 7. Let y(i) = 5*m(i) + 4*z(i). Suppose 0*a = 5*a + 25. Calculate y(a).
-8
Let q = -9 - -16. Let p(a) = -a + 10. Calculate p(q).
3
Let b(j) = j**3 + 6*j**2 + 7*j - 2. Suppose 0 = -16*o + 21*o + 25. What is b(o)?
-12
Let j(g) = g**2 + 4*g + 2*g + 2 - 2*g + 1. What is j(-4)?
3
Let m(h) be the third derivative of -h**4/12 - h**3/6 + 4*h**2 - 5*h. Suppose -2*i = 8, -i = -5*j - 5 - 11. What is m(j)?
7
Let p(j) = 2*j + 16 + j**2 + 7*j - 8. Give p(-9).
8
Let f(n) = -n**2 - n - 1. Let d(g) = -4*g**2 - 4*g - 6. Let c(p) = d(p) - 5*f(p). Determine c(-2).
1
Let b = 7 - 12. Let k be 0/(-3) + (-15)/b. Let q(u) = u**3 - 2*u**2 - 2*u + 4. Determine q(k).
7
Let n(u) = -20*u - 11*u + 32*u + 3. Give n(-10).
-7
Let w(q) = 6*q + 0*q - 4 + 0*q. Let c(k) = 7*k - 4. Let j(n) = -5*c(n) + 6*w(n). Let g be j(5). Let f(v) = 2*v**3 - 2*v**2 + 1. What is f(g)?
1
Let i(h) be the second derivative of h**5/10 - h**4/6 - h**3/6 + 10*h. Determine i(-1).
-3
Let l(z) = -z**2 + 3*z - 3. Let u(s) = s + 1. Let w be u(3). Let t be 0 + 2 + (w - -2). Let x = -5 + t. Determine l(x).
-3
Suppose 3*a = -4*p - 18 + 55, 3*p - 19 = -a. Let r(t) be the first derivative of -t**4/4 + 7*t**3/3 + t**2/2 - 7*t + 14. Calculate r(a).
0
Suppose 4*y - x + 15 = 2*x, -3*x + 15 = -2*y. Let q(l) = -l + 3*l + l**2 + y*l - 3. Suppose -4*v + 2*g - 3 = -9, 0 = -3*v - 2*g + 8. Calculate q(v).
5
Let p(a) be the first derivative of -a**4/4 + 5*a**3/3 - 3*a**2/2 - 3*a + 1. Let i be 2 - 0 - -2*1. Let w be p(i). Let f(q) = 6*q**2. What is f(w)?
6
Let c(d) = -d**3 + 7*d**2 - 7*d - 2. Suppose 0 = 4*t - 54 - 34. Let x = -16 + t. What is c(x)?
-8
Suppose 7*x = -1 - 6. Let t(n) = -16*n**3 - n**2 - n. What is t(x)?
16
Let w = 54 + -52. Let z(c) be the third derivative of c**4/6 - c**3/2 - c**2. What is z(w)?
5
Let w(a) = a**2 - a - 3. Let i(r) = -3*r**2 + 4*r + 9. Let k(m) = 6*i(m) + 17*w(m). Give k(6).
9
Let y(k) = 4 - 4 + 2 - 1 - k. Let m(j) = -j + 2. Let b be m(5). What is y(b)?
4
Let y(j) be the first derivative of -2*j**3 - 2 + j + 1/4*j**4 + 3/2*j**2. Let q(a) = -a**2 + 7*a - 1. Let u be q(6). Determine y(u).
-9
Let l(p) = -1 - 3*p + 4 + 15*p**2 - p**3 - 11*p**2. Let t be l(3). Let s(o) = o**3 - 3*o**2 + 2*o - 2. Determine s(t).
4
Suppose 8*r - 3*r - 15 = 0. Suppose -p + r*p = 10. Let m(w) = -w**3 + 4*w**2 + 6*w - 2. Give m(p).
3
Suppose 0 = -0*z + 2*z - 4. Suppose -4 = -z*m - 2. Let l(k) = 5*k - 1. Determine l(m).
4
Let s = 5 - 3. Let r(b) = 4 + b - s - 1 - b**2. Let k(d) = d + 1. Let j be k(-4). Calculate r(j).
-11
Suppose -4*y + 15 = 5*i - 0*y, 15 = 5*i + 5*y. Let c(v) be the third derivative of -v**5/60 + v**4/12 - v**3/6 - 5*v**2. Give c(i).
-4
Let g(q) be the second derivative of 0 + 1/6*q**3 - 3/2*q**2 - q. What is g(5)?
2
Let z = 10 - 2. Let i(u) = 5 - u**2 - z*u - 2*u + 4*u. Determine i(-7).
-2
Let y be ((-2)/12)/((-75)/10 - -7). Let j(f) be the third derivative of 1/60*f**5 + 2*f**2 + 0*f - 5/24*f**4 + 0 - y*f**3. What is j(5)?
-2
Let t(u) = -u**3 - 3*u**2 + 3*u + 2. Let p be 3 - 18/3*1. Determine t(p).
-7
Suppose -9*b = -14*b + 50. Let d(j) = -18*j - 9 - j + b. Calculate d(1).
-18
Let g(n) be the third derivative of n**5/5 + n**4/24 + 4*n**2. What is g(-1)?
11
Let d(n) = -n**2 - 7*n - 3. Let x be d(-4). Suppose -z = x - 2. Let f(a) = a**3 + 8*a**2 + 6*a - 10. Give f(z).
-3
Let y(d) be the third derivative of -d**5/30 + d**4/12 + d**3/2 + 8*d**2. Let n be (-2 - -3)/(1 - 2). Let h(q) = 3*q + 1. Let f be h(n). Calculate y(f).
-9
Let p be 74/(-12) - (-7)/42. Let o(w) be the third derivative of w**4/24 + 7*w**3/6 + 2*w**2. Determine o(p).
1
Suppose 5*a - 4 = a. Let m be 0*1/(-3) - a. Let j(r) = -r**2 - 2*r - 1. Calculate j(m).
0
Let q be 1 - 2*2/(-4). Let k(h) = -6*h + h + q*h + 0*h. What is k(1)?
-3
Suppose 2*i - 6*i - 5*k = -37, 0 = -4*i - k + 17. Let v(h) = -h**2 + 4*h - 4. Determine v(i).
-1
Let x(n) = -8 + 3*n - 11*n**2 + 22*n**2 - 10*n**2. Determine x(-6).
10
Let a = -98 - -103. Let m(j) = -j**2 + 6*j + 1. What is m(a)?
6
Let o(l) = -7 + 13 - 3 - 2*l. Give o(-4).
11
Suppose 3*j = 4*j + 7. Let s = j - -5. Let t be 2*(21/(-6) - s). Let o(q) = -q**2 - q. Calculate o(t).
-6
Let f(z) = 0 - 12 - 4*z - 2*z - 2. Let s(r) = 2*r + 5. Let t(v) = -3*f(v) - 8*s(v). What is